der when 409052 is divided by 136.
100
Calculate the remainder when 163280 is divided by 969.
488
Calculate the remainder when 64520 is divided by 25.
20
Calculate the remainder when 83018 is divided by 11.
1
What is the remainder when 458838664 is divided by 198?
196
Calculate the remainder when 3641617 is divided by 123.
79
What is the remainder when 77851 is divided by 1440?
91
Calculate the remainder when 4421730 is divided by 1150.
1130
Calculate the remainder when 26106304 is divided by 321.
16
Calculate the remainder when 15399 is divided by 152.
47
What is the remainder when 13073200 is divided by 564?
244
What is the remainder when 2303648 is divided by 494?
126
Calculate the remainder when 1429441 is divided by 29.
2
Calculate the remainder when 14861191 is divided by 10473.
4
Calculate the remainder when 3707895 is divided by 411987.
12
What is the remainder when 1047293 is divided by 1641?
335
What is the remainder when 9238301 is divided by 419906?
369
Calculate the remainder when 68404 is divided by 1497.
1039
Calculate the remainder when 313730580 is divided by 170.
0
What is the remainder when 796467 is divided by 29480?
507
Calculate the remainder when 4420656 is divided by 67.
63
Calculate the remainder when 76864 is divided by 76737.
127
Calculate the remainder when 4148518 is divided by 93.
67
What is the remainder when 34983 is divided by 3199?
2993
What is the remainder when 553566 is divided by 2188?
2
Calculate the remainder when 125750 is divided by 62856.
38
What is the remainder when 8352 is divided by 7116?
1236
Calculate the remainder when 179253 is divided by 7793.
14
What is the remainder when 2161669 is divided by 540394?
93
Calculate the remainder when 8853588 is divided by 4585.
4538
What is the remainder when 45926645 is divided by 2330?
15
Calculate the remainder when 125254399 is divided by 31313591.
35
What is the remainder when 95887 is divided by 47836?
215
Calculate the remainder when 11391105 is divided by 284775.
105
Calculate the remainder when 7837059 is divided by 52247.
9
What is the remainder when 10042 is divided by 4431?
1180
What is the remainder when 2093921 is divided by 615?
461
Calculate the remainder when 26134803 is divided by 173078.
25
What is the remainder when 173338 is divided by 520?
178
Calculate the remainder when 8185554 is divided by 315.
279
What is the remainder when 344678 is divided by 13204?
1374
Calculate the remainder when 61935 is divided by 4082.
705
What is the remainder when 11949918 is divided by 8047?
123
What is the remainder when 181638 is divided by 9046?
718
What is the remainder when 89551668 is divided by 117?
102
Calculate the remainder when 311524940 is divided by 13.
12
Calculate the remainder when 1505872 is divided by 188.
180
Calculate the remainder when 19094906 is divided by 3849.
17
Calculate the remainder when 546548 is divided by 182113.
209
What is the remainder when 37798087 is divided by 251?
248
What is the remainder when 1738524 is divided by 289752?
12
What is the remainder when 923266 is divided by 1236?
1210
Calculate the remainder when 24100018 is divided by 28.
26
Calculate the remainder when 196593801 is divided by 43.
37
What is the remainder when 54619 is divided by 13573?
327
Calculate the remainder when 40290 is divided by 19553.
1184
Calculate the remainder when 120145 is divided by 114193.
5952
What is the remainder when 188071 is divided by 737?
136
Calculate the remainder when 3886516 is divided by 994.
970
Calculate the remainder when 3743566 is divided by 6.
4
Calculate the remainder when 917941 is divided by 31641.
352
What is the remainder when 5486161 is divided by 33?
10
Calculate the remainder when 27129119 is divided by 41.
34
What is the remainder when 24838567 is divided by 1851?
1849
Calculate the remainder when 528955 is divided by 24.
19
Calculate the remainder when 5262402 is divided by 1142.
66
Calculate the remainder when 1479097 is divided by 350.
347
Calculate the remainder when 169704 is divided by 13043.
145
Calculate the remainder when 477776 is divided by 159219.
119
What is the remainder when 4282142 is divided by 1427046?
1004
Calculate the remainder when 75905798 is divided by 189.
185
Calculate the remainder when 156908 is divided by 9762.
716
What is the remainder when 1659415 is divided by 18?
13
Calculate the remainder when 14771 is divided by 235.
201
What is the remainder when 7151968 is divided by 1787979?
52
Calculate the remainder when 93267621 is divided by 163.
162
What is the remainder when 393545 is divided by 293?
46
What is the remainder when 22706452 is divided by 539?
538
Calculate the remainder when 4863 is divided by 2290.
283
What is the remainder when 5597610 is divided by 49?
46
What is the remainder when 4256025 is divided by 199?
12
What is the remainder when 37691816 is divided by 33?
8
What is the remainder when 47139 is divided by 770?
169
Calculate the remainder when 1056541 is divided by 96002.
519
Calculate the remainder when 10189798 is divided by 510.
508
Calculate the remainder when 18293816 is divided by 4573430.
96
What is the remainder when 99117 is divided by 4320?
4077
What is the remainder when 2457008 is divided by 4875?
8
Calculate the remainder when 18708810 is divided by 1870879.
20
What is the remainder when 32826006 is divided by 2604?
2586
What is the remainder when 2217899 is divided by 739268?
95
Calculate the remainder when 4918453 is divided by 3646.
3645
What is the remainder when 138090326 is divided by 3258?
3254
Calculate the remainder when 42324 is divided by 8930.
6604
What is the remainder when 1251435 is divided by 24537?
48
What is the remainder when 178299 is divided by 2?
1
What is the remainder when 130182 is divided by 2947?
514
Calculate the remainder when 50963 is divided by 456.
347
What is the remainder when 6679335 is divided by 1111?
3
What is the remainder when 51845 is divided by 47301?
4544
What is the remainder when 22240792 is divided by 497?
42
Calculate the remainder when 8332902 is divided by 9038.
8904
What is the remainder when 16257326 is divided by 173?
170
Calculate the remainder when 592321 is divided by 39483.
76
Calculate the remainder when 31026 is divided by 9677.
1995
Calculate the remainder when 217830 is divided by 108516.
798
What is the remainder when 1290733 is divided by 129073?
3
What is the remainder when 288541 is divided by 41215?
36
What is the remainder when 11904 is divided by 11044?
860
Calculate the remainder when 12253582 is divided by 2450685.
157
Calculate the remainder when 965643 is divided by 321842.
117
Calculate the remainder when 31330985 is divided by 6266195.
10
What is the remainder when 43619416 is divided by 7269901?
10
Calculate the remainder when 86997325 is divided by 88.
85
Calculate the remainder when 7393808 is divided by 1674.
1424
Calculate the remainder when 7866905 is divided by 154253.
2
Calculate the remainder when 5200058 is divided by 2599953.
152
Calculate the remainder when 129324 is divided by 213.
33
What is the remainder when 14363143 is divided by 471?
469
Calculate the remainder when 15317433 is divided by 3063485.
8
Calculate the remainder when 587931 is divided by 942.
123
Calculate the remainder when 1055721 is divided by 274.
273
Calculate the remainder when 1153984772 is divided by 23.
22
What is the remainder when 21480033 is divided by 1973?
1955
What is the remainder when 1789257 is divided by 168?
57
Calculate the remainder when 297421 is divided by 375.
46
What is the remainder when 67708 is divided by 5055?
1993
What is the remainder when 6549237 is divided by 2183077?
6
Calculate the remainder when 19373809 is divided by 2020.
2009
What is the remainder when 1909422 is divided by 237?
150
What is the remainder when 5172037 is divided by 388?
385
What is the remainder when 45574365 is divided by 43?
41
What is the remainder when 2467745 is divided by 2792?
2409
What is the remainder when 1805623 is divided by 14?
1
What is the remainder when 653782 is divided by 310?
302
Calculate the remainder when 2195813 is divided by 452.
449
Calculate the remainder when 1246736 is divided by 5109.
140
Calculate the remainder when 2629012 is divided by 84806.
26
Calc